18. What are the prime factors of l?
3, 5
Let p(v) = -3*v - 3. Let f be p(-4). Suppose 2 = 8*c - f*c. List the prime factors of (-10 + 3)/(c/6).
3, 7
Let f be (-3 + -1)*3*(-10)/6. Let l(c) = 6*c - 46. List the prime factors of l(f).
2, 37
Let r = 6 + -2. Suppose 2*z + 372 = r*q, 380 = -4*q + 8*q + 2*z. What are the prime factors of q?
2, 47
Let v = 137 - 142. Let f(d) = -d**3 + 5*d**2 - 5*d + 1. List the prime factors of f(v).
2, 3, 23
What are the prime factors of (-36395)/116*(-72)/15?
2, 3, 251
Let s be 172/(-6) - 14/(-21). Let m = 60 + s. What are the prime factors of m?
2
Let g be 20/(-50) + (-673)/5. Let m = -86 - g. Suppose w + 105 = 8*i - 3*i, 0 = -2*i - w + m. List the prime factors of i.
2, 11
Let s(p) = 13*p + 20. Suppose -2*g + b + 19 = g, 0 = -4*g - 3*b + 21. What are the prime factors of s(g)?
2, 7
Let z = -66 - -66. Suppose z = -0*w - w + 204. List the prime factors of w.
2, 3, 17
Let r(i) be the first derivative of 2*i**3/3 + 18*i**2 - 13*i - 16. List the prime factors of r(-22).
163
Let i(z) = 36*z + 9. List the prime factors of i(2).
3
Let t = -225 - -114. Let y = -904 - -1085. Let a = y + t. What are the prime factors of a?
2, 5, 7
Let t be ((-20)/(-30))/(4/102). Suppose -3*p + 4*y = -26, -5*y - 18 = -5*p + t. Suppose p*w - 120 = -3*w. List the prime factors of w.
2, 3
Suppose 5*i + 0*i = 4*m + 616, 0 = 3*i + 5*m - 340. What are the prime factors of i?
2, 3, 5
Let r(b) = 29*b**2 + 84*b - 1. What are the prime factors of r(-6)?
7, 11
Let g = -293 - -310. What are the prime factors of g?
17
List the prime factors of 1926 + 50/(-15)*(-18)/(-12).
17, 113
Suppose -4 = -5*x + 16. Suppose 2*f = 5*c - 175, -4*c - x*f + 0*f = -112. What are the prime factors of c?
3, 11
Suppose q - 909 = -591. List the prime factors of q.
2, 3, 53
Suppose -4*i + 3968 = 4*r - 712, 5*r + 4*i - 5853 = 0. What are the prime factors of r?
3, 17, 23
Suppose -454 = 5*y - 144. Let v = 207 + y. What are the prime factors of v?
5, 29
Let x be 11 - 0*4/(-8). Suppose -x - 166 = 3*l. Let m = -21 - l. What are the prime factors of m?
2, 19
Suppose 11 - 30 = -h + 3*b, 0 = 4*h - 4*b - 36. Suppose h*a = 78 + 38. List the prime factors of a.
29
Suppose 6*q = 7*q + 84. What are the prime factors of (-18)/(q/(-32) - 3)?
2, 3
Let q(s) = 6*s**3 + 60*s**2 + 12*s + 2. What are the prime factors of q(-9)?
2, 5, 19
Let h(c) = -63*c - 14. Suppose 3*a + 7 = s, 4*s = 4*a - 3 - 1. List the prime factors of h(s).
7, 43
Suppose 5*b + 3*x - 7967 = 2541, 2098 = b - 3*x. List the prime factors of b.
11, 191
Let j be 0/(3 + -2 - 0). Suppose j = 4*u - 16. Suppose -u*h = -3*r + 39, -r + 5*h = h - 5. List the prime factors of r.
17
Let v(r) = 10*r - 10. Let g be (-2 + 2)*(-6)/(-12). Let k be (-1 - (g + 2)) + 8. What are the prime factors of v(k)?
2, 5
Let n = 1109 + -863. What are the prime factors of n?
2, 3, 41
Let i(x) = -10*x - 12*x**2 + 109 - x**3 + 48*x - 90. What are the prime factors of i(-15)?
2, 31
Let m = -90 + 54. Let i = -23 - m. List the prime factors of i.
13
Let x(w) be the second derivative of w**5/20 - 5*w**4/4 - 8*w**3/3 + 19*w**2/2 + 5*w. Let t = 6 + 10. List the prime factors of x(t).
19
Let i be (-6)/9 - 343/3. Let b = 13 - i. Suppose -40 = 4*m - b. What are the prime factors of m?
2, 11
Let i = 19 + -18. List the prime factors of (-2)/(3*i/(-141)).
2, 47
Let q(o) = 9*o**3 - 2*o**2. Let t = -27 - -29. Let d be q(t). Let l = -22 + d. List the prime factors of l.
2, 3, 7
Let g(r) = 16*r - 3. Let p be g(8). Suppose 0 = 5*u + p - 1500. List the prime factors of u.
5, 11
Let c be (-98)/42*((-1)/(-1) - 94). Let k = 325 - c. List the prime factors of k.
2, 3
Let i(m) = m**2 - 21*m - 82. What are the prime factors of i(-22)?
2, 3
List the prime factors of 8/24 + 9916/6.
3, 19, 29
Let i be (4/(3*4))/(4/12). List the prime factors of i - 1355/(-35) - (-4)/14.
2, 5
Suppose -5*f = -i + 151, -5*i = 5*f + 364 - 1179. Let b = -78 + i. What are the prime factors of b?
83
List the prime factors of (-1296)/(-45)*1400/12.
2, 3, 5, 7
Suppose -20 = -2*m + 2*d, -2*d + 25 = m - 6*d. Suppose m*n + 39 = 3*u, -3*n - 3*u + 15 = -4*n. Let s(f) = -2*f + 6. What are the prime factors of s(n)?
2, 3
Let v(n) = -412*n - 2. Let s be v(-1). Let k = s - 279. What are the prime factors of k?
131
Let j(n) = 12*n**3 - n**2 + 2*n. Let k be j(2). Suppose o + 0*o = -4*c + k, 0 = 5*c + o - 121. What are the prime factors of c?
5
Let r be (-1)/(1 + (-12)/10). Suppose d + 4*p - 37 = 0, -4*d - 82 = -6*d - 4*p. Suppose r*f - 5*y = f + 57, -y - d = -5*f. List the prime factors of f.
2
Suppose -5*n + 0*n = 0. Suppose -153 = -k - i, n = k - 3*i - 48 - 85. What are the prime factors of k?
2, 37
Let q(c) = 7*c - 1. Let v be q(5). Let r = v - 15. What are the prime factors of r - (-3 + 7)/(-4)?
2, 5
Suppose -3*z = 4*l - 14050, -23*l - 17547 = -28*l + 4*z. What are the prime factors of l?
3511
Let h(g) be the third derivative of -g**4/8 + 4*g**3/3 + g**2. Let m be h(-4). Suppose a = -a + m. List the prime factors of a.
2, 5
Suppose 2*r + 2*q = 1820, -242*r + 245*r = 3*q + 2748. List the prime factors of r.
11, 83
Let m = -39 + 34. Let c(k) = -k + 17. List the prime factors of c(m).
2, 11
Suppose -4*z + 3*u - 3 + 17 = 0, -2*z + 3*u = -4. Suppose -3*f + 4*x + 11 = -21, -60 = -5*f + z*x. What are the prime factors of f?
2
Suppose 1174 = 2*c + q, -c - c + 1158 = 5*q. List the prime factors of c.
19, 31
Let q be (-22)/(-10) + 5/(-25). Suppose q*r + b - 365 = -0*b, -15 = -3*b. What are the prime factors of r?
2, 3, 5
Let z be 93/21 - 12/28. Suppose 5*x = -25, -7*f - z*x = -5*f - 98. What are the prime factors of f?
59
What are the prime factors of 1/2 + -9*54/(-4)?
2, 61
Let i(c) = -c**2 + 5*c - 4. Let y be i(3). Let u(j) = 4*j**3 - 4*j + 1004*j**2 - 1001*j**2 - j. What are the prime factors of u(y)?
2, 17
Suppose -3*r = -6*y + 9*y - 7821, -r + 5212 = 2*y. What are the prime factors of y?
5, 521
Suppose 2*x - 3*f - 13 = 0, 2*x + 22 = 7*x - 4*f. Let a(r) = 39 + r**2 + 0*r - r**2 - r + x*r**2. List the prime factors of a(0).
3, 13
Let j be (-3 - 18/14)*-35. Suppose 89 = b + 3*r, 0 = 3*b + 5*r - 117 - j. Suppose -h - 5*q = -25, -3*q = 2*h - 6*q - b. List the prime factors of h.
2, 5
Let m = 4099 + -2092. What are the prime factors of m?
3, 223
Let z(k) = 28*k**2 - 14*k - 20. List the prime factors of z(-7).
2, 5, 29
Suppose 7*q = 5756 + 5353. What are the prime factors of q?
3, 23
Suppose 0 = -7*i + 991 + 626. List the prime factors of i.
3, 7, 11
Let a(w) = -37*w + 236. List the prime factors of a(-15).
7, 113
Let x(z) = -z**3 - 16*z**2 - 20*z - 27. Let a be x(-15). Suppose 3*c + c - 68 = -4*i, 4*c - a = i. List the prime factors of c.
13
Suppose -h + 6 = 2. List the prime factors of h - 7*(4 + -9).
3, 13
Let h(i) = -i**3 + 12*i**2 - i + 13. Let r be h(12). Suppose -r = -s + 1. Suppose -s*k = t - 14, 5*k + 0*t - 21 = t. What are the prime factors of k?
5
Let h(c) = c**2 + 11. Let o be h(-9). Let f = -63 + o. List the prime factors of f.
29
Let k = 110 - 66. Suppose -k = -2*o - 4*n, -1 - 5 = o - 5*n. What are the prime factors of ((-18)/7)/((-2)/o)?
2, 3
Suppose 4*g = -2*s + 4476, -s + 1826 = -5*g - 412. What are the prime factors of s?
2, 3, 373
Let r(k) = -2*k**2 + 11*k - 8. Let q be r(4). Suppose 4*j - 240 = q*y, 5*j = -3*y + 22 + 278. What are the prime factors of j?
2, 3, 5
Let o be 2/((-14)/(-4) + -3). Let i be (4/6)/(o/(-216)). Let v = i + 60. List the prime factors of v.
2, 3
List the prime factors of (56343/(-189))/(5/(-45)).
2683
Suppose -1346 = -4*d + 5378. List the prime factors of d.
41
Let t = -724 + 934. What are the prime factors of t?
2, 3, 5, 7
Let k(p) = -21*p - 51. What are the prime factors of k(-4)?
3, 11
Let w(g) = -3 - g**3 + 8*g**2 + 2 + 1 - 5*g - 4. List the prime factors of w(6).
2, 19
Let n = -1646 - -4750. What are the prime factors of n?
2, 97
Let q(r) = r - 2. Let y be q(2). Let v be 57*(-1 - y/2). Let b = 87 + v. What are the prime factors of b?
2, 3, 5
Let y = 246 + -119. List the prime factors of y.
127
Suppose 8*f + 2 = -70. Let n(s) = -s - 4*s**3 + 4 - 9*s**2 + 1 + 3*s**3. What are the prime factors of n(f)?
2, 7
Let p(g) = 2*g**2 - 47*g + 32. Let h be p(23). What are the prime factors of 0 + 211 + -8 + h?
2, 53
Suppose 0 = 6*x - 4*x - 8, 2*v + 5*x = 20. List the prime factors of v + 9*(2